 1. Let w(z) = -z**3 + z**2 - 1. Let y be w(v). Suppose 5*b - y = 49. What is the units digit of b?
0
Suppose i - 18 = -57. Let s = i + 60. Suppose -k = a - 7, 4*a - s = -2*k + 17. What is the units digit of a?
2
What is the units digit of (-4)/6 + 468/54?
8
Let i(p) = -p**2 + 5*p - 2. Let n be i(5). Let j(b) = -2*b**2 - 2*b. Let r be j(n). What is the units digit of r/6 - 53/(-3)?
7
Suppose 5*p = -2*l + 18, 3*l + 3*p - 5*p = 8. Suppose -9 = -r + l*d, 5*r - 45 = -0*d + 3*d. What is the units digit of r?
9
Suppose 3*y = -5*b - 23, -2*y + 2*b + 0 + 6 = 0. What is the units digit of (-1)/(-1 + y)*10?
5
Let h(d) = d**3 + 15*d**2 + 17*d + 18. What is the units digit of h(-13)?
5
Let w be ((-3)/6 + 2)*6. Suppose s + 2 = w. Suppose 5*q - 5 = -5*k, s*k + 2*q - 8 = 4*k. What is the units digit of k?
6
Let q be (-6)/(-3 + 4 + 0). Let f(r) = -r**3 - 7*r**2 - 8*r - 2. What is the units digit of f(q)?
0
Let l(s) = -s**3 + s**2 - 6. Let j be (-1 - 0) + (-1)/(-1). Let o be l(j). Let w(i) = -2*i - 9. What is the units digit of w(o)?
3
Suppose 0 = q - 4*q + 162. Suppose k - q = -k. Suppose 4*j - k = 33. What is the units digit of j?
5
Suppose 5*c - 585 = -3*l, 0 = 2*c - 0*c + l - 233. Suppose -5*b - 44 = -c. What is the tens digit of b?
1
Suppose -r + 3 = -7. Let s be (4/3)/(4/12). Suppose -r = -s*d + 2. What is the units digit of d?
3
Let k(v) = -v**2 - 6*v - 5. Let a be k(-4). Let b = 8 + -3. Suppose 4*o - a = b. What is the units digit of o?
2
Let f(w) = -w**3 - 12*w**2 + 11*w - 20. What is the units digit of f(-13)?
6
Let b(j) be the first derivative of j**3/3 - j**2/2 + 27*j - 4. What is the tens digit of b(0)?
2
Suppose -j - 5 = -1. What is the tens digit of (64/j)/4 + 47?
4
Suppose -p - p + 6 = 0. What is the units digit of (-24)/(0 - p) - -3?
1
Suppose -v + 42 = -3*v. Let n(i) = -i**3 + 13*i**2 - 7*i + 7. Let h be n(10). What is the units digit of 6/(-21) - h/v?
1
Let w = 11 - 13. Let p(m) = -7*m - 2. Let h be p(w). Suppose 0 = x + 9 - h. What is the units digit of x?
3
Let n(k) = -k**2 + 18*k - 7. What is the units digit of n(16)?
5
Suppose 9 = d + 5*q, 3*d - d + 2*q - 2 = 0. Let v = d - -7. Let f(b) = 2*b - 7. What is the units digit of f(v)?
5
Let v(i) = -i**3 - 3*i**2 + 7*i + 5. Let g be v(-5). Let n = -12 + g. What is the units digit of n?
8
What is the tens digit of (-1*53)/(-1) - (5 + -3)?
5
Let r(a) = -12*a**3 - 5*a**2 + 5*a + 7. What is the tens digit of r(-2)?
7
Suppose 4*d = -3*r + 27, 26 = 3*d - 5*r - 16. What is the units digit of d?
9
Let n(o) = 4*o**2 + 10*o + 12. Let t(q) = -7*q**2 - 20*q - 23. Let s(x) = -5*n(x) - 3*t(x). Let f be s(-9). Suppose f = y + y - 6. What is the units digit of y?
3
Let j be 666/12*4/(-6). What is the units digit of j/(-7) + 2/(-7)?
5
Suppose 5*s = 2*s. What is the units digit of s + 2 + (0 - -4)?
6
Let o be -1 + 7 - -1 - 2. Suppose -5*v - o*x = -5, x = -2*v + 6 - 0. Suppose 0 = u - v*u - 5*d + 3, 5*d + 18 = -u. What is the units digit of u?
7
Suppose r + c = 49, 3*c + 22 = 2*r - 66. What is the tens digit of r?
4
Let g = 14 - 21. Let a = 8 + 9. Let y = a + g. What is the tens digit of y?
1
Let t(q) = -q - 1. Let m be t(-6). Suppose -m*p - 23 = -3*g, 0 = 6*g - g + 2*p - 28. What is the units digit of g?
6
Suppose -4*x - n + 65 = 0, -2*n - 3*n = -5*x + 50. Suppose 4*t - x = 9. What is the units digit of t?
6
Suppose 4*f - 536 = -n, 5*f - 425 - 220 = 5*n. What is the units digit of f?
3
Suppose 0 = 2*a - 0*g - 3*g + 20, 2*a = -2*g. Let y = 8 - a. What is the units digit of y?
2
Let f = 0 + 7. Let p = f + -6. What is the units digit of p?
1
Suppose -o + 2*o = 3*g + 19, -4*o - g + 11 = 0. What is the units digit of o?
4
Let r be ((-4)/(-3))/(6/(-9)). Let p(t) = -t**3 - t**2 + t. What is the units digit of p(r)?
2
Let c be 2*-1*(-1 - -4). Let x be c - (-1 + (0 - -2)). Let b(m) = -2*m - 6. What is the units digit of b(x)?
8
Suppose 4*b - 235 = 5*g + 450, -5*g = 4*b - 715. Suppose 2*i = -3*i + b. What is the units digit of i?
5
What is the tens digit of ((-4)/(-5))/(12/570)?
3
Let y(b) = -b**3 - 10*b**2 + 9*b + 7. Let q be y(-11). Let o = q + -18. What is the tens digit of o?
1
Suppose 0 = z + 92 - 153. What is the tens digit of z?
6
Let k(p) = p**3 + 9*p**2 + 8*p + 7. Let b = 2 + -2. Suppose 3*v = -2*l + 7*v - 32, -l + 3*v - 20 = b. What is the units digit of k(l)?
7
Let p(h) = -h**3 + 14*h**2 - 11*h + 1. What is the units digit of p(13)?
7
Let h = 218 - 108. What is the tens digit of h?
1
Let s(c) = -c. Suppose 4*l = -0*l. Let p be s(l). Suppose 0 = n - p - 8. What is the units digit of n?
8
Suppose -5*z + 43 + 92 = 0. Let x = z + -19. What is the units digit of x?
8
Suppose j + 2*k - 10 = 0, -j = -k - 1 - 21. What is the tens digit of j?
1
Let o = 2 - -1. Suppose -p + o = -13. What is the tens digit of p?
1
What is the tens digit of 4/16 + (-2 - 483/(-4))?
1
Suppose 6 = 2*b + 4*w, -b - 3*b + 2*w - 8 = 0. Let p be 0 - (-2 - b) - -2. What is the units digit of p + -1 - (1 - 5)?
6
What is the units digit of (-2 - 0)*(-9)/6?
3
Let w be (-2)/(2*2/(-8)). Suppose -w*c - 3 = 3*v, -8*c = -4*c - 12. Let u = 6 - v. What is the units digit of u?
1
Suppose -4*m = 3*l + 28, 0 = -4*l + 6*m - 2*m. Let n = 7 + l. Suppose -1 = 2*h - n. What is the units digit of h?
1
Let h(i) = i**2 - 3*i + 15. What is the units digit of h(7)?
3
Let w = -86 + 204. Suppose -w - 2 = -3*j. Suppose j = 5*n + 3*g, 5*g - 35 = -3*n + n. What is the units digit of n?
5
Suppose 0*g = 2*g. Let x(w) = -w**3 + w**2 - w - 30. Let v be x(g). What is the tens digit of (3 - 2)/((-2)/v)?
1
Let x = 842 - 466. What is the tens digit of x?
7
Suppose 3*j = -5*f + 29, 5*f - f = -4*j + 28. Suppose w - f = -2. Suppose -w*x - 3 = -7. What is the units digit of x?
2
Let b be (-1)/(-4) + 174/(-24). Let o(k) = -k**2 - 8*k. What is the units digit of o(b)?
7
Let i be (-2)/3*(-9)/(-2). Let l(t) = -2*t**3 - 4*t**2 + 2*t + 3. Let h be l(i). Suppose 0*d + d = h. What is the units digit of d?
5
Let r = 105 + -73. What is the tens digit of r?
3
Let t(i) = i**3 - 4*i**2 + 4*i - 6. Let p be t(4). Let g = -8 + p. What is the units digit of g?
2
Let t(g) be the second derivative of -g**4/12 + 3*g**3/2 - 9*g**2/2 + g. Let u be t(7). What is the units digit of u/(-10)*2*-2?
2
Let u = 6 + -4. Suppose -u*g - 3*y = -16, y = -4*g - 2*y + 20. What is the units digit of g?
2
Let j(f) = -f**2 - 5*f - 2. Let m be j(-5). What is the units digit of (-1)/m*(-4)/(-2)?
1
Suppose g - 92 = -24. What is the tens digit of g?
6
Let n be (-5)/(-30) - (-33)/18. Let z(g) = 12*g - 3. What is the tens digit of z(n)?
2
Suppose 5*p - 215 = 45. What is the units digit of p?
2
Let z(b) = -b**3 - b. Let x be z(1). Let a = x + 4. Suppose a*k - k - 12 = 0. What is the tens digit of k?
1
Suppose -b - 13 = 5*p, 3*b - b - 2*p = 22. Let z(c) = c - 8. Let w be z(8). Suppose -u = -w*u - b. What is the units digit of u?
7
Let o = -6 + 5. Let g = 16 - o. What is the units digit of g?
7
Let f(g) = -g**3 + 11*g**2 - 13*g. What is the hundreds digit of f(7)?
1
Let d = -16 + 30. Suppose -d = -3*j + 4. What is the units digit of j?
6
Let l(g) = -g**3 - 5*g**2 - 6*g - 1. Suppose 3*o - 6*o - 12 = 0. What is the units digit of l(o)?
7
Let a(c) = 3*c**2 - 5*c. Let d(i) = -9*i**2 + 14*i. Let r(f) = -17*a(f) - 6*d(f). What is the tens digit of r(3)?
3
Let k(g) = -g**3 + 7*g**2 - 5*g - 1. Let y be k(6). Suppose -y*c = 4*l + 45, 0*l = -4*l - 3*c - 35. What is the units digit of (-16)/l + (-4)/20?
3
What is the units digit of -1 + 1 - -2 - -2?
4
Let h be 12/9 - 3/9. Suppose -7 + h = b. What is the units digit of 2*1/((-4)/b)?
3
Let w = 30 + -22. What is the units digit of w?
8
Let l(c) = -c**2 - 6*c - 4. Let a be l(-3). Let k(j) = j - 7. Let h be k(a). Let z(t) = t**3 + 5*t**2 - 1. What is the units digit of z(h)?
1
Let u(m) be the third derivative of m**5/60 + m**4/3 - 2*m**3/3 + m**2. Let g be u(-9). Let f(j) = j - 3. What is the units digit of f(g)?
2
Suppose 3*z + s - 6*s - 50 = 0, -50 = -z - 5*s. Let r = -12 + z. Suppose 5*g - r = 47. What is the tens digit of g?
1
Suppose 2*x + 0*x - 2*a - 210 = 0, -2*x - 5*a + 203 = 0. What is the hundreds digit of x?
1
Suppose v + v - 2 = 0. Let z = 1 + v. Suppose -25 = 5*f, -z*a + 35 = 3*a - 4*f. What is the units digit of a?
3
Suppose -4*s + 2*s - 3*u - 93 = 0, -2*u - 6 = 0. What is the unit